 prime factors of 425089896?
2, 3, 7, 11, 17, 1933
What are the prime factors of 72516827?
281, 258067
What are the prime factors of 614064315?
3, 5, 4519, 9059
List the prime factors of 239135552.
2, 593, 6301
What are the prime factors of 5232006983?
7, 43, 17382083
What are the prime factors of 290120523?
3, 7, 11, 59, 3041
What are the prime factors of 185592149?
185592149
What are the prime factors of 13893782?
2, 7, 199, 4987
What are the prime factors of 679474747?
7, 97067821
List the prime factors of 684861184.
2, 7, 17, 22481
List the prime factors of 739639978.
2, 7, 11, 17, 151, 1871
List the prime factors of 49683523.
49683523
What are the prime factors of 174602206?
2, 17, 71, 151, 479
What are the prime factors of 175219963?
547, 320329
What are the prime factors of 885943066?
2, 17, 26057149
What are the prime factors of 160306654?
2, 80153327
List the prime factors of 109530527.
109530527
List the prime factors of 1286453545.
5, 13, 19791593
List the prime factors of 969274566.
2, 3, 13, 499, 2767
What are the prime factors of 217516199?
19, 131, 281, 311
List the prime factors of 3599896.
2, 449987
List the prime factors of 47981448.
2, 3, 467, 1427
List the prime factors of 3008104.
2, 11, 34183
List the prime factors of 119585398.
2, 5147, 11617
List the prime factors of 5649823675.
5, 131, 863, 1999
What are the prime factors of 3177653373?
3, 787, 448631
List the prime factors of 66083178.
2, 3, 7, 19, 82811
What are the prime factors of 4508599115?
5, 29, 631, 49277
What are the prime factors of 1107540561?
3, 369180187
List the prime factors of 57503765.
5, 11, 1045523
List the prime factors of 5868330196.
2, 19, 77214871
What are the prime factors of 1958164261?
17, 115186133
What are the prime factors of 927893024?
2, 28996657
What are the prime factors of 1650703324?
2, 10369, 39799
What are the prime factors of 9649123?
11, 739, 1187
What are the prime factors of 318247544?
2, 311, 127913
What are the prime factors of 29604004?
2, 17, 25609
List the prime factors of 91006952.
2, 23, 97, 5099
List the prime factors of 143596094.
2, 71798047
What are the prime factors of 92656045?
5, 113, 163993
List the prime factors of 29786007.
3, 9928669
What are the prime factors of 44423221?
257, 172853
What are the prime factors of 53313457?
127, 419791
What are the prime factors of 33271985?
5, 1013, 6569
What are the prime factors of 1271638083?
3, 41, 10338521
List the prime factors of 45494846.
2, 22747423
What are the prime factors of 1395042025?
5, 13, 4292437
What are the prime factors of 3194018?
2, 137, 11657
List the prime factors of 451040956.
2, 197, 572387
List the prime factors of 387479912.
2, 17, 31, 73, 1259
List the prime factors of 493704562.
2, 13, 18988637
What are the prime factors of 1574700267?
3, 7, 23, 47, 71, 977
What are the prime factors of 1198338742?
2, 599169371
List the prime factors of 78445405.
5, 701, 22381
What are the prime factors of 36222617?
227, 159571
What are the prime factors of 86289497?
7, 641, 19231
List the prime factors of 4180396468.
2, 277, 677, 5573
List the prime factors of 1065715831.
73, 373, 39139
List the prime factors of 69938068.
2, 17, 47, 79, 277
What are the prime factors of 186060114?
2, 3, 29, 431, 827
List the prime factors of 97181428.
2, 19, 743, 1721
List the prime factors of 1446978069.
3, 17, 53, 178441
What are the prime factors of 291267109?
7, 41609587
What are the prime factors of 1026025678?
2, 859, 597221
What are the prime factors of 37303351?
37303351
List the prime factors of 3627697841.
29, 31, 4035259
List the prime factors of 261138079.
31, 2843, 2963
List the prime factors of 65360689.
587, 111347
What are the prime factors of 16184361?
3, 5394787
List the prime factors of 1164947787.
3, 43, 97, 31033
What are the prime factors of 635873946?
2, 3, 73, 1451767
List the prime factors of 653944313.
11, 59449483
What are the prime factors of 104250548?
2, 26062637
List the prime factors of 49127763.
3, 211, 77611
List the prime factors of 894649016.
2, 3929, 28463
What are the prime factors of 48880803?
3, 311, 52391
List the prime factors of 46450149.
3, 15483383
List the prime factors of 172988978.
2, 86494489
List the prime factors of 215083356.
2, 3, 17923613
List the prime factors of 90105543.
3, 11, 19, 47903
List the prime factors of 1569943522.
2, 7, 23, 37, 313, 421
What are the prime factors of 2576921825?
5, 1619, 63667
What are the prime factors of 110442952?
2, 13805369
List the prime factors of 2478869826.
2, 3, 9719, 42509
What are the prime factors of 252196567?
7, 36028081
List the prime factors of 170357129.
197, 864757
List the prime factors of 7305359261.
113, 64649197
What are the prime factors of 55363561?
11, 139, 36209
What are the prime factors of 58642758?
2, 3, 17, 127, 503
List the prime factors of 144440151.
3, 109, 441713
What are the prime factors of 115432250?
2, 5, 83, 5563
List the prime factors of 79458192.
2, 3, 11, 23, 727
List the prime factors of 53869723.
31, 1737733
What are the prime factors of 729450665?
5, 719, 202907
List the prime factors of 57454825.
5, 2298193
What are the prime factors of 232360549?
271, 857419
What are the prime factors of 471520611?
3, 52391179
List the prime factors of 865814791.
193, 4486087
List the prime factors of 164707846.
2, 19, 4334417
What are the prime factors of 78834866?
2, 11, 3583403
List the prime factors of 1483030043.
11, 29, 4648997
What are the prime factors of 36269493?
3, 13, 103, 9029
What are the prime factors of 280346018?
2, 103, 1360903
What are the prime factors of 3022523015?
5, 79, 383, 19979
What are the prime factors of 2126937181?
211, 2027, 4973
What are the prime factors of 47498395?
5, 7, 193871
List the prime factors of 1005008059.
11, 19, 79, 60869
What are the prime factors of 163358480?
2, 5, 191, 10691
List the prime factors of 24416878.
2, 12208439
What are the prime factors of 53700129?
3, 7, 263, 463
List the prime factors of 272795974.
2, 11, 17, 653, 1117
List the prime factors of 48314660.
2, 5, 2415733
What are the prime factors of 233336973?
3, 127, 523, 1171
List the prime factors of 356730798.
2, 3, 29, 2050177
What are the prime factors of 2244744429?
3, 61, 12266363
What are the prime factors of 231870421?
31, 7479691
What are the prime factors of 295902619?
67, 431, 10247
List the prime factors of 84587143.
37, 2286139
What are the prime factors of 8849390?
2, 5, 11, 80449
What are the prime factors of 64079818?
2, 11, 19, 83, 1847
List the prime factors of 307940741.
163, 257, 7351
List the prime factors of 4673840473.
83, 6163, 9137
What are the prime factors of 275615684?
2, 68903921
List the prime factors of 5530512176.
2, 7, 331, 149183
List the prime factors of 259828637.
259828637
What are the prime factors of 45738852?
2, 3, 19, 200609
List the prime factors of 230312428.
2, 919, 62653
What are the prime factors of 46470203?
13, 3574631
List the prime factors of 382343482.
2, 29, 59, 111731
List the prime factors of 5118513882.
2, 3, 41, 191, 2657
What are the prime factors of 1529744984?
2, 71, 2693213
List the prime factors of 609816344.
2, 76227043
What are the prime factors of 818794313?
41, 19970593
What are the prime factors of 28415451?
3, 1021, 9277
List the prime factors of 312852694.
2, 7, 11, 739, 2749
List the prime factors of 172004092.
2, 13, 367, 9013
List the prime factors of 1171167619.
19, 101, 610301
List the prime factors of 99757323.
3, 2053, 5399
What are the prime factors of 287994730?
2, 5, 23, 1252151
List the prime factors of 1682730033.
3, 71, 383, 20627
List the prime factors of 1993489506.
2, 3, 7331, 15107
What are the prime factors of 1238474220?
2, 3, 5, 233, 88589
What are the prime factors of 2226571026?
2, 3, 371095171
What are the prime factors of 120341741?
13, 73, 173, 733
What are the prime factors of 1013604623?
1013604623
List the prime factors of 169892810.
2, 5, 229, 74189
List the prime factors of 388365260.
2, 5, 569, 34127
What are the prime factors of 188239620?
2, 3, 5, 79, 151, 263
What are the prime factors of 5016228780?
2, 3, 5, 83603813
What are the prime factors of 61695746?
2, 7, 4406839
What are the prime factors of 194103099?
3, 21567011
List the prime factors 